and 454.
2
Suppose -14*p = -3572 - 4257 - 179. What is the greatest common divisor of p and 1496?
44
Let q = -89 - -135. Let f = -24 + q. Calculate the greatest common factor of 110 and f.
22
Let m(h) = 2*h**2 + 11*h + 11. Let f be m(-8). Suppose -47*t - 747 = -2157. Let z = f - t. What is the highest common factor of z and 147?
21
Suppose 127*r + 18*r = 2*r + 19591. Calculate the highest common factor of 13974 and r.
137
Let a = -26740 + 26922. What is the highest common divisor of a and 532?
14
Let x = -50 - -272. Suppose 29*j = -17*j + 276. What is the greatest common divisor of x and j?
6
Suppose -k + 308 = -3*g + 294, 3*k + 3*g - 6 = 0. Let f be 4/(-14) - 37/(-7). What is the greatest common factor of k and f?
5
Let r(n) = 63*n + 5324. Let c be r(-84). What is the highest common factor of c and 88?
8
Let s be (-144)/(-10)*(-600)/(-90). What is the highest common factor of s and 87?
3
Let s be 36/(-8)*(-2)/3. Let f be (8/(-7 + s))/(-1). Calculate the greatest common divisor of 1 and f.
1
Let v(d) = 3*d**3 - 13*d**2 + 34*d + 42. Let g be v(7). What is the greatest common factor of 64 and g?
32
Let i(c) = -c**3 - 8*c - 5. Let a be i(4). Let t = -91 - a. Suppose b = 3*s + t + 35, 2*b - 98 = 4*s. What is the greatest common factor of b and 38?
19
Let u(a) = -9*a + 31. Let s(f) = 10*f - 33. Let z(c) = -5*s(c) - 6*u(c). Let b be z(9). Calculate the highest common factor of 450 and b.
15
Let z(j) = 16*j + 35. Let r be z(-2). Suppose 2*k + r*p - 192 = 8*p, -5*k + 480 = -5*p. What is the greatest common factor of k and 60?
12
Let q be 272 - 8*(40/(-5) + 7). What is the greatest common divisor of 672 and q?
56
Let p be 9/(-6)*196/21. Let j be 11/((-308)/(-8)) - 52/p. Let q(t) = -5*t + 1. Let z be q(-7). What is the greatest common factor of z and j?
4
Let y(j) = j**3 - 6*j**2 - 3*j + 33. Let q be y(6). What is the highest common factor of 320 and q?
5
Suppose 5*c - 1 = -6. Let p be c/2 + 1202/4. Let j = 223156 + -223106. What is the greatest common divisor of p and j?
50
Suppose 0 = 4*w + 4*r - 3236, r - 1313 = 5*w - 5364. What is the highest common factor of w and 36?
18
Suppose 0 = -2*k - 4*v + 16, -3*v = -4*k + 11 + 21. Suppose -1363 = k*y - 4619. Calculate the highest common factor of y and 74.
37
Let d(u) = 2*u**3 - 10*u**2 - 6*u - 16. Let w = -206 - -213. Let y be d(w). What is the greatest common factor of y and 368?
46
Let z be 2/13 - 333/(-117). Suppose 0 = -6*g + z*g + 294. What is the highest common factor of g and 147?
49
Let z be (-5*1 - (-975)/225) + 582/9. Let m be (231 - 5)*1/2. Let t = -65 + m. What is the greatest common divisor of z and t?
16
Let c = 3235 + -3049. What is the greatest common factor of 6 and c?
6
Let f be 1*(-940)/(-18) + -2*(-5)/(-45). Calculate the greatest common divisor of f and 117.
13
Let q(c) = -1612*c**3 - 12*c**2 - 4*c - 4. Let z be q(-1). Calculate the highest common divisor of 100 and z.
100
Let h = 23213 - 20714. What is the greatest common divisor of 153 and h?
51
Suppose -914*t - 803 = -987*t. Calculate the greatest common factor of t and 27.
1
Let d = 243 + -219. Let u = -7 - -10. Suppose b + 3*b = 3*v + 156, d = b + u*v. What is the highest common factor of b and 180?
36
Suppose 81 = 6*u + 3*u. Let c(i) = -2*i**3 + 21*i**2 + 74*i - 15. Let n be c(-6). What is the highest common factor of u and n?
9
Suppose 436 = 9*b + 6*b - 2624. What is the greatest common factor of b and 15?
3
Suppose -2*u + 137*w + 7 = 138*w, -5*w = 11*u - 37. Calculate the greatest common factor of u and 23.
1
Let d(c) = 42*c - 1236. Let a be d(47). Calculate the highest common factor of 72 and a.
18
Let r be 3/(3/4) - 2. Let h(v) = 7*v + 1. Let d be h(r). Suppose -2*o + 6 = 3*t, -13 - 11 = -8*o - t. Calculate the greatest common divisor of d and o.
3
Let h(l) = 4*l**2 + 5*l - 19. Let j be h(-6). Suppose 3*p = -5*b + 104, b + 7 = -3*p + j. Let x = -20 - -27. What is the highest common divisor of p and x?
7
Suppose 17 = -4*m + 33, 5*p - 5 = 5*m. Suppose -5*l = -4*l - 3*y - 327, 2*y - 1567 = -p*l. What is the greatest common factor of l and 70?
35
Suppose 2*u + 11 - 31 = -4*h, 0 = -4*h + 5*u + 6. Suppose 2*r - h*z - 21 = 17, 5*r + 3*z - 56 = 0. What is the greatest common factor of r and 1?
1
Suppose -4*p + 42 - 38 = 0, i = p + 29. What is the greatest common divisor of 1730 and i?
10
Let l(g) = -2*g**2 + 33*g + 28. Let z be (135/(108/(-12)))/((-6)/4). Let k be l(z). Calculate the highest common divisor of k and 869.
79
Suppose -4*y - y + 25 = 0, -765 = -4*u + 3*y. Suppose -210 = -11*c - 3*c. Calculate the greatest common divisor of c and u.
15
Suppose 116*i = 87*i + 3451. Let x be 8/(56/i) - 0. What is the greatest common divisor of 697 and x?
17
Let c = -13 + 34. Let g be 1 - -15 - (0 - -2 - 4). Suppose g*q - c*q + 36 = 0. What is the greatest common divisor of q and 96?
12
Let d = -8086 - -9268. What is the highest common factor of 2 and d?
2
Suppose -5*x + 440 = -4*q, q = x + 3*q - 88. Let b be (-2*2/6)/((-2)/123). Suppose -b*l = -23*l - 3960. Calculate the greatest common factor of l and x.
44
Let w be (1328/(-22))/(-2) + (-6)/33. Let s = w + -34. Let k = 4 - s. Calculate the highest common factor of 64 and k.
8
Let x(n) = -608*n - 1719. Let w be x(-3). Calculate the highest common divisor of w and 3822.
21
Let l = -14 + 15. Let w be 3*101 - -9*l/(-3). Suppose 0 = -2*x - x + w. Calculate the highest common factor of x and 20.
20
Let l = 640 - 609. Let c = 8 - 6. Let g = l - c. Calculate the greatest common factor of g and 232.
29
Let r be (5/(-3))/(10/(-972)). Calculate the greatest common divisor of r and 2754.
162
Suppose -4296*m - 20304 = -4312*m. What is the highest common divisor of m and 702?
27
Let n = 14237 - 14135. Calculate the highest common divisor of 4352 and n.
34
Let s(i) = -50*i - 22. Let b be s(-18). Suppose 3*l - 5*d = 1761, 6*l - 2*l - 2313 = -5*d. Let v = b - l. Calculate the greatest common divisor of v and 37.
37
Suppose 2*b + 1330 = -5*p - 3*b, 0 = p - b + 256. Let t = -129 - p. Let c = -132 + 165. What is the greatest common factor of t and c?
33
Let n = -29461 - -29659. What is the highest common divisor of 1458 and n?
18
Suppose 17*g + 1954 = 18*g - 4*u, -4*u = 8. Calculate the greatest common divisor of g and 14.
14
Suppose 0 = 3*z + 2*z - 70. Let c be z + -6 - (-1 + 2). Suppose 325 = 2*n + 3*n + 5*i, 0 = 11*n + 2*i - 760. What is the highest common factor of c and n?
7
Let s(t) = 29 + 2*t - 887*t**2 - 894*t**2 + t + 1801*t**2 - 2*t. Let g be s(5). Calculate the highest common factor of 6 and g.
6
Let x(u) be the third derivative of -u**4/24 + 25*u**3/6 + 47*u**2 + 3*u. Let b be x(24). Calculate the greatest common factor of b and 1.
1
Suppose -2*v + 4 - 6 = 0. Let f be (12/(-15)*-1)/(v/(-5)). Let j(z) = 2*z**2 + 17*z + 9. Let i be j(-8). Calculate the highest common divisor of i and f.
1
Let l = 29 + -17. Let f = -306 + 116. Let x = -58 - f. What is the greatest common divisor of x and l?
12
Let b = 140 - 137. Suppose 109 = -y + b*y + 5*a, -5*y - a = -330. What is the greatest common factor of 469 and y?
67
Let s be ((-466)/6)/(27/81). Let w = 263 + s. Calculate the highest common factor of w and 5.
5
Let n(p) = -p + 1. Let u be n(2). Let f be (-7 + u)*(-24)/48. Let h be 168 + -6*f/(-12). What is the highest common divisor of 68 and h?
34
Let t be ((-1440)/(-384))/((-2)/(-120)). Calculate the greatest common divisor of t and 45.
45
Let u(z) = 240*z**2 + 78*z - 160. Let v be u(2). Calculate the highest common factor of 4 and v.
4
Let q = -28985 + 29533. What is the highest common factor of q and 4?
4
Let h(o) = -2*o - 3. Let k be h(-5). Suppose 5*j - 108 = -4*l, -136 = 1128*j - 1132*j + 3*l. What is the highest common divisor of j and k?
7
Let h be 8584/64 + (-2)/16. Suppose h = -2*v + 2*u, 4*u - 9*u + 195 = -3*v. Let z be (-2010)/v - (-2)/7. Calculate the highest common factor of z and 58.
29
Let x(n) = n**2 + 13*n - 9. Let h be x(-14). Let k = -200 - -280. Calculate the highest common divisor of k and h.
5
Suppose -11*t + 3 + 63 = 0. Suppose 0 = -3*i - 5*c - 4, -c - 2*c = t. Let u = 42 + i. What is the greatest common factor of 11 and u?
11
Let d be 1/8 + 53669/88. What is the greatest common divisor of 10 and d?
10
Let x be ((-14)/(-28))/((-1)/(-20)). Suppose 13*q - x*q = 111. Let z = 470 + 